{"id":972,"date":"2024-02-27T00:06:19","date_gmt":"2024-02-27T00:06:19","guid":{"rendered":"https:\/\/sites.generatepress.com\/engineer\/?page_id=7"},"modified":"2026-03-18T14:36:58","modified_gmt":"2026-03-18T14:36:58","slug":"home","status":"publish","type":"page","link":"https:\/\/elite-pilotage.fr\/","title":{"rendered":"Home"},"content":{"rendered":"\n<div class=\"gb-element-c90cfb49 grid-bg \">\n<div class=\"gb-element-4a9c54de\">\n<div class=\"gb-element-a25d0f69 home-hero-container\">\n<div class=\"gb-element-4955a6ce\">\n<p class=\"gb-text gb-text-94fb30ea\">Association de Pilotage<\/p>\n\n\n\n<h1 class=\"gb-text\">\u00c9lite Pilotage<\/h1>\n<\/div>\n<\/div>\n\n\n\n<div class=\"gb-element-86d36402\">\n<div class=\"gb-element-49ae8387\">\n<div class=\"gb-text gb-text-6f58abda\">Nos Sponsors<\/div>\n\n\n\n<div class=\"gb-text gb-text-bfd325ea\"><\/div>\n<\/div>\n\n\n\n<div class=\"gb-element-5bce2d91\">\n<div>\n<img loading=\"lazy\" decoding=\"async\" width=\"781\" height=\"216\" class=\"gb-media-8786297f\" src=\"https:\/\/elite-pilotage.fr\/wp-content\/uploads\/2026\/03\/logo-mon-auto-assure.png\" title=\"logo-mon-auto-assure\" alt=\"Mon auto assure sponsor\" srcset=\"https:\/\/elite-pilotage.fr\/wp-content\/uploads\/2026\/03\/logo-mon-auto-assure.png 781w, https:\/\/elite-pilotage.fr\/wp-content\/uploads\/2026\/03\/logo-mon-auto-assure-300x83.png 300w, https:\/\/elite-pilotage.fr\/wp-content\/uploads\/2026\/03\/logo-mon-auto-assure-768x212.png 768w\" sizes=\"auto, (max-width: 781px) 100vw, 781px\" \/>\n<\/div>\n\n\n\n<div class=\"gb-element-44962e70\">\n<img loading=\"lazy\" decoding=\"async\" width=\"788\" height=\"181\" class=\"gb-media-3fc9814f\" src=\"https:\/\/elite-pilotage.fr\/wp-content\/uploads\/2025\/06\/visionstylepro.png\" title=\"visionstylepro\" alt=\"\" srcset=\"https:\/\/elite-pilotage.fr\/wp-content\/uploads\/2025\/06\/visionstylepro.png 788w, https:\/\/elite-pilotage.fr\/wp-content\/uploads\/2025\/06\/visionstylepro-300x69.png 300w, https:\/\/elite-pilotage.fr\/wp-content\/uploads\/2025\/06\/visionstylepro-768x176.png 768w\" sizes=\"auto, (max-width: 788px) 100vw, 788px\" \/>\n<\/div>\n\n\n\n<div>\n<img loading=\"lazy\" decoding=\"async\" width=\"225\" height=\"74\" class=\"gb-media-c3269f80\" src=\"https:\/\/elite-pilotage.fr\/wp-content\/uploads\/2025\/06\/ckr.png\" title=\"ckr\" alt=\"\"\/>\n<\/div>\n\n\n\n<div>\n<img loading=\"lazy\" decoding=\"async\" width=\"364\" height=\"91\" class=\"gb-media-fde8b78f\" src=\"https:\/\/elite-pilotage.fr\/wp-content\/uploads\/2025\/06\/logo-estimation-assurance.jpg\" title=\"logo-estimation-assurance\" alt=\"\" srcset=\"https:\/\/elite-pilotage.fr\/wp-content\/uploads\/2025\/06\/logo-estimation-assurance.jpg 364w, https:\/\/elite-pilotage.fr\/wp-content\/uploads\/2025\/06\/logo-estimation-assurance-300x75.jpg 300w\" sizes=\"auto, (max-width: 364px) 100vw, 364px\" \/>\n<\/div>\n<\/div>\n<\/div>\n<\/div>\n<\/div>\n\n\n\n<div class=\"gb-element-cbdcaf56\">\n<div class=\"gb-element-b7bdb766\">\n<h2 class=\"gb-text gb-text-7db5ad58\">Devenir sponsor ?<\/h2>\n\n\n\n<div class=\"gb-element-984b2fb6\">\n<div class=\"gb-element-7fa94652\">\n<div class=\"gb-element-27666af4\">\n<div class=\"gb-element-2dc9fa8a\">\n<div class=\"gb-text gb-text-53319d40\">01<\/div>\n\n\n\n<h3 class=\"gb-text gb-text-d55a9d3e\">Visibilit\u00e9 &amp; Notori\u00e9t\u00e9<\/h3>\n<\/div>\n\n\n\n<ul class=\"wp-block-list\">\n<li>Logo sur nos supports et r\u00e9seaux<\/li>\n\n\n\n<li>Mention dans chaque communiqu\u00e9 de presse<\/li>\n<\/ul>\n<\/div>\n\n\n\n<div class=\"gb-element-b9054316\">\n<div class=\"gb-element-2f250cdf\">\n<div class=\"gb-text gb-text-b09e2685\">02<\/div>\n\n\n\n<h3 class=\"gb-text gb-text-a7d237a8\">Impact social &amp; local<\/h3>\n<\/div>\n\n\n\n<ul class=\"wp-block-list\">\n<li>Plusieurs courses dans la r\u00e9gion<\/li>\n\n\n\n<li>Reporting chiffr\u00e9 envoy\u00e9 chaque trimestre<\/li>\n<\/ul>\n<\/div>\n\n\n\n<div class=\"gb-element-39827c31\">\n<div class=\"gb-element-a83b6dac\">\n<div class=\"gb-text gb-text-5316159f\">03<\/div>\n\n\n\n<h3 class=\"gb-text gb-text-3a06ec7f\">Avantages exclusifs<\/h3>\n<\/div>\n\n\n\n<ul class=\"wp-block-list\">\n<li>Invitations VIP &amp; networking<\/li>\n\n\n\n<li>Storytelling commun<\/li>\n<\/ul>\n<\/div>\n<\/div>\n\n\n\n<div class=\"gb-element-dc54805e\">\n<div class=\"gb-element-7635e632\">\n<div class=\"gb-element-35a37a73\">\n<img loading=\"lazy\" decoding=\"async\" width=\"1206\" height=\"858\" class=\"gb-media-6eff31c1\" src=\"https:\/\/elite-pilotage.fr\/wp-content\/uploads\/2025\/06\/kart_faded.png\" title=\"kart_faded\" alt=\"\" srcset=\"https:\/\/elite-pilotage.fr\/wp-content\/uploads\/2025\/06\/kart_faded.png 1206w, https:\/\/elite-pilotage.fr\/wp-content\/uploads\/2025\/06\/kart_faded-300x213.png 300w, https:\/\/elite-pilotage.fr\/wp-content\/uploads\/2025\/06\/kart_faded-1024x729.png 1024w, https:\/\/elite-pilotage.fr\/wp-content\/uploads\/2025\/06\/kart_faded-768x546.png 768w\" sizes=\"auto, (max-width: 1206px) 100vw, 1206px\" \/>\n<\/div>\n<\/div>\n<\/div>\n<\/div>\n<\/div>\n<\/div>\n\n\n\n<div class=\"gb-element-944938bc\">\n<div class=\"gb-element-2c84e540\">\n<h2 class=\"gb-text gb-text-e3a896bb\">Contactez-nous<\/h2>\n\n\n<style id=\"wpforms-css-vars-1005\">\n\t\t\t\t#wpforms-1005 {\n\t\t\t\t\n\t\t\t}\n\t\t\t<\/style><div class=\"wpforms-container wpforms-container-full wpforms-render-modern\" id=\"wpforms-1005\"><form id=\"wpforms-form-1005\" class=\"wpforms-validate wpforms-form wpforms-ajax-form\" data-formid=\"1005\" method=\"post\" enctype=\"multipart\/form-data\" action=\"\/index.php?rest_route=%2Fwp%2Fv2%2Fpages%2F972\" data-token=\"23666364e793813a9e2156fd9e9c08c4\" data-token-time=\"1775865740\"><noscript class=\"wpforms-error-noscript\">Veuillez activer JavaScript dans votre navigateur pour remplir ce formulaire.<\/noscript><div id=\"wpforms-error-noscript\" style=\"display: none;\">Veuillez activer JavaScript dans votre navigateur pour remplir ce formulaire.<\/div><div class=\"wpforms-field-container\"><div id=\"wpforms-1005-field_1-container\" class=\"wpforms-field wpforms-field-name\" data-field-id=\"1\"><fieldset><legend class=\"wpforms-field-label\">Nom pr\u00e9nom <span class=\"wpforms-required-label\" aria-hidden=\"true\">*<\/span><\/legend><div class=\"wpforms-field-row wpforms-field-medium\"><div class=\"wpforms-field-row-block wpforms-first wpforms-one-half\"><input type=\"text\" id=\"wpforms-1005-field_1\" class=\"wpforms-field-name-first wpforms-field-required\" name=\"wpforms[fields][1][first]\" placeholder=\"Jean\" aria-errormessage=\"wpforms-1005-field_1-error\" required><label for=\"wpforms-1005-field_1\" class=\"wpforms-field-sublabel after wpforms-sublabel-hide\">Pr\u00e9nom<\/label><\/div><div class=\"wpforms-field-row-block wpforms-one-half\"><input type=\"text\" id=\"wpforms-1005-field_1-last\" class=\"wpforms-field-name-last wpforms-field-required\" name=\"wpforms[fields][1][last]\" placeholder=\"Dupond\" aria-errormessage=\"wpforms-1005-field_1-last-error\" required><label for=\"wpforms-1005-field_1-last\" class=\"wpforms-field-sublabel after wpforms-sublabel-hide\">Nom<\/label><\/div><\/div><\/fieldset><\/div>\t\t<div id=\"wpforms-1005-field_4-container\"\n\t\t\tclass=\"wpforms-field wpforms-field-text\"\n\t\t\tdata-field-type=\"text\"\n\t\t\tdata-field-id=\"4\"\n\t\t\t>\n\t\t\t<label class=\"wpforms-field-label\" for=\"wpforms-1005-field_4\" >Email Votre message<\/label>\n\t\t\t<input type=\"text\" id=\"wpforms-1005-field_4\" class=\"wpforms-field-medium\" name=\"wpforms[fields][4]\" >\n\t\t<\/div>\n\t\t<div id=\"wpforms-1005-field_2-container\" class=\"wpforms-field wpforms-field-email\" data-field-id=\"2\"><label class=\"wpforms-field-label\" for=\"wpforms-1005-field_2\">Email <span class=\"wpforms-required-label\" aria-hidden=\"true\">*<\/span><\/label><input type=\"email\" id=\"wpforms-1005-field_2\" class=\"wpforms-field-medium wpforms-field-required\" name=\"wpforms[fields][2]\" placeholder=\"mon-email@gmail.com\" spellcheck=\"false\" aria-errormessage=\"wpforms-1005-field_2-error\" required><\/div><div id=\"wpforms-1005-field_3-container\" class=\"wpforms-field wpforms-field-textarea\" data-field-id=\"3\"><label class=\"wpforms-field-label\" for=\"wpforms-1005-field_3\">Votre message<\/label><textarea id=\"wpforms-1005-field_3\" class=\"wpforms-field-medium\" name=\"wpforms[fields][3]\" placeholder=\"Bonjour,...\" aria-errormessage=\"wpforms-1005-field_3-error\" ><\/textarea><\/div><script>\n\t\t\t\t( function() {\n\t\t\t\t\tconst style = document.createElement( 'style' );\n\t\t\t\t\tstyle.appendChild( document.createTextNode( '#wpforms-1005-field_4-container { position: absolute !important; overflow: hidden !important; display: inline !important; height: 1px !important; width: 1px !important; z-index: -1000 !important; padding: 0 !important; } #wpforms-1005-field_4-container input { visibility: hidden; } #wpforms-conversational-form-page #wpforms-1005-field_4-container label { counter-increment: none; }' ) );\n\t\t\t\t\tdocument.head.appendChild( style );\n\t\t\t\t\tdocument.currentScript?.remove();\n\t\t\t\t} )();\n\t\t\t<\/script><\/div><!-- .wpforms-field-container --><div class=\"wpforms-submit-container\" ><input type=\"hidden\" name=\"wpforms[id]\" value=\"1005\"><input type=\"hidden\" name=\"page_title\" value=\"\"><input type=\"hidden\" name=\"page_url\" value=\"https:\/\/elite-pilotage.fr\/index.php?rest_route=\/wp\/v2\/pages\/972\"><input type=\"hidden\" name=\"url_referer\" value=\"\"><button type=\"submit\" name=\"wpforms[submit]\" id=\"wpforms-submit-1005\" class=\"wpforms-submit\" data-alt-text=\"En cours...\" data-submit-text=\"Envoyer mon message\" aria-live=\"assertive\" value=\"wpforms-submit\">Envoyer mon message<\/button><img loading=\"lazy\" decoding=\"async\" src=\"https:\/\/elite-pilotage.fr\/wp-content\/plugins\/wpforms-lite\/assets\/images\/submit-spin.svg\" class=\"wpforms-submit-spinner\" style=\"display: none;\" width=\"26\" height=\"26\" alt=\"Chargement en cours\"><\/div><\/form><\/div>  <!-- .wpforms-container -->\n<\/div>\n<\/div>\n","protected":false},"excerpt":{"rendered":"<p>Association de Pilotage \u00c9lite Pilotage Nos Sponsors Devenir sponsor ? 01 Visibilit\u00e9 &amp; Notori\u00e9t\u00e9 02 Impact social &amp; local 03 Avantages exclusifs Contactez-nous<\/p>\n","protected":false},"author":1,"featured_media":0,"parent":0,"menu_order":0,"comment_status":"closed","ping_status":"closed","template":"","meta":{"footnotes":""},"class_list":["post-972","page","type-page","status-publish"],"_links":{"self":[{"href":"https:\/\/elite-pilotage.fr\/index.php?rest_route=\/wp\/v2\/pages\/972","targetHints":{"allow":["GET"]}}],"collection":[{"href":"https:\/\/elite-pilotage.fr\/index.php?rest_route=\/wp\/v2\/pages"}],"about":[{"href":"https:\/\/elite-pilotage.fr\/index.php?rest_route=\/wp\/v2\/types\/page"}],"author":[{"embeddable":true,"href":"https:\/\/elite-pilotage.fr\/index.php?rest_route=\/wp\/v2\/users\/1"}],"replies":[{"embeddable":true,"href":"https:\/\/elite-pilotage.fr\/index.php?rest_route=%2Fwp%2Fv2%2Fcomments&post=972"}],"version-history":[{"count":7,"href":"https:\/\/elite-pilotage.fr\/index.php?rest_route=\/wp\/v2\/pages\/972\/revisions"}],"predecessor-version":[{"id":1029,"href":"https:\/\/elite-pilotage.fr\/index.php?rest_route=\/wp\/v2\/pages\/972\/revisions\/1029"}],"wp:attachment":[{"href":"https:\/\/elite-pilotage.fr\/index.php?rest_route=%2Fwp%2Fv2%2Fmedia&parent=972"}],"curies":[{"name":"wp","href":"https:\/\/api.w.org\/{rel}","templated":true}]}}